 3*h = -0 - 9. What are the prime factors of (-88)/(-10)*(-5*6)/p?
2, 3, 11
Let p(f) = f**3 + 2*f**2 + 1. Let w be p(0). Suppose 0 = 19*z + w - 115. List the prime factors of z.
2, 3
Let p = 14928 + -7591. What are the prime factors of p?
11, 23, 29
Suppose 2*b - 12 = -t, 5*t + 2*b + 3 - 23 = 0. Let h be (-2 + -10 + t)*(-1 + 0). List the prime factors of h/((-12)/4 + 4).
2, 5
Let y(u) = u**2 + 3*u - 1. Let g(x) = 149*x**2 - 15*x - 5. Let l(f) = g(f) + 5*y(f). List the prime factors of l(3).
2, 43
Let z be 255*(-3 - 1 - -5). Let c = z - 146. What are the prime factors of c?
109
Suppose -83*g = -66*g - 19159. Let t = -164 + g. List the prime factors of t.
3, 107
Let m(u) be the first derivative of 19*u**2/2 + 16*u - 8. Let k be m(8). Suppose -2*c + 0*c = 2*t - 172, -2*t - k = -2*c. What are the prime factors of c?
5, 17
Suppose 0 = 4*r + 4*m - 16444, r - 4593 = -5*m - 498. List the prime factors of r.
5, 823
Let b = 87 - 66. Suppose z - b + 17 = 0. Suppose -412 = -z*c - 0*w - 3*w, 0 = -2*c - 3*w + 200. List the prime factors of c.
2, 53
Suppose -82 = 4*u - 102. Suppose 3*r = u*v - 398, 0 = -4*v + 9*r - 8*r + 317. What are the prime factors of v?
79
Let u be (2 + -1 - 637/14)*2. What are the prime factors of ((-168)/18)/(1 - u/(-87))?
2, 7, 29
Let u(g) = g**3 + 7*g**2 - 10*g + 3. Let w be u(-6). Suppose -w + 35 = -q. List the prime factors of q.
2
Let t be (6 + (-8 - -4))*1809/6. Suppose 4*u - 163 = -t. List the prime factors of 40/(-25)*u/4.
2, 11
Suppose -40*m - 24 = -46*m. Let z(a) = 24*a**2 + 20*a + 6. What are the prime factors of z(m)?
2, 5, 47
Let s(p) = 46*p**2 + 39*p + 6. Let c be s(3). Suppose 2*i + 4*b - c + 167 = 0, b = -4. List the prime factors of i.
193
Let x(p) be the third derivative of -p**6/40 - 3*p**5/20 + 5*p**4/24 + 67*p**3/6 - 195*p**2. List the prime factors of x(-7).
2, 5, 31
Let w be (-20)/(-3)*(23/(-5) - -7). Suppose -w*r = 112 - 528. What are the prime factors of r?
2, 13
Let i(k) = -5*k**3 + 8*k**3 + 7 - 4*k**3 + 2*k**3 + 5*k**2. Let s(y) = y + 1. Let w be s(-5). List the prime factors of i(w).
23
List the prime factors of ((-31380)/(-30))/(4/6).
3, 523
Suppose -2*w - 10*i = -3*w + 4732, -3*w + 14142 = -3*i. What are the prime factors of w?
2, 19, 31
Let v(z) = 165*z**2 - 16*z + 2. Let b be v(-3). What are the prime factors of -7*(-3)/(42/4) + b?
29, 53
Suppose -448 + 457 = 3*i. Suppose 6*y - i*y - 1327 = 4*w, 2*w - 1762 = -4*y. What are the prime factors of y?
3, 7
Let s(q) = -q**2 + 11*q - 34. Let m be s(-12). Let v = m - -425. What are the prime factors of v?
5, 23
Let p(h) = h**2 + 35*h - 75. Suppose i = 4*l + 10, -9*i + 4*l - 56 = -11*i. List the prime factors of p(i).
3, 131
Let h(t) = 2873*t**3 - 2*t. List the prime factors of h(1).
3, 11, 29
Let m = 690 - 683. Let t(u) be the first derivative of -u**2/2 + 35*u - 1. What are the prime factors of t(m)?
2, 7
Suppose 6*k = -1 + 13. Let c(m) = m**3 - 5*m + 1. Let u be c(k). What are the prime factors of ((-1)/3)/(u/201)?
67
Suppose 702 = -4*f + 5254. Let w = f - 475. What are the prime factors of w?
3, 13, 17
Suppose 4*x - 76758 = -3*x - 4*x. List the prime factors of x.
2, 3, 1163
Suppose r - 14896 = -2*n + 32924, -4*n = -4*r + 191196. List the prime factors of r.
2, 11, 41, 53
Let y(u) be the third derivative of -u**6/120 + u**5/6 - u**4/8 - u**3/2 - 18*u**2. Let z be y(9). Let j = z - -71. What are the prime factors of j?
2, 61
Let i = -260 - -268. Suppose -i*h - 145 = -1809. What are the prime factors of h?
2, 13
Suppose 0 = -190*o + 197*o - 14. Suppose -o*j - 667 = 3*d - 4562, 4*d + 4*j = 5192. What are the prime factors of d?
3, 433
Let v(z) = z**2 + 4*z - 26. Let a be v(-7). List the prime factors of ((-1)/1)/(a/19875*5).
3, 5, 53
Suppose 5891 = 2*h + j, 3*j + 13819 = 4*h + 2062. What are the prime factors of h?
3, 109
Suppose -2917*y = -3014*y + 1694881. List the prime factors of y.
101, 173
Suppose -10*x - 6*x = 3*x. Suppose x = 23*l - 4235 + 670. List the prime factors of l.
5, 31
Let n(f) = 43*f**2 - f. Let b be n(1). Let x = b - 0. What are the prime factors of (-55)/2*x/(-15)?
7, 11
Let s be 14/(-63) + ((-560)/45)/7. List the prime factors of 18432/27*(-3)/s.
2
Let b(u) = 2550*u**2 + 104*u - 325. List the prime factors of b(3).
22937
Let n(m) = -m**3 - 8*m**2 - 7*m - 3. Let r be n(-7). Let g be (-3 - r)/(8 - 7). Let x(a) = a**3 + a**2 - a + 45. List the prime factors of x(g).
3, 5
Suppose 5 = -p, -145*y + 148*y = 5*p + 150850. List the prime factors of y.
5, 2011
Suppose 125 = g + 12. Let c = g - 111. Suppose z - 418 = -3*v, -3*v - 3*z + 134 = -c*v. List the prime factors of v.
2, 5, 7
Let k(n) = -62*n + 7. Let c(r) = 7 + r**2 - 13 - 4 + 7*r. Let o be c(-8). List the prime factors of k(o).
131
Let q be 214/4 + 2/8*2. Suppose q = -16*h + 6. What are the prime factors of (82/h)/((-3)/(-90)*-5)?
2, 41
Let b be (54/(-4))/(4/(-1928)). Let q be 1/(-8) + b/24. Suppose -4*h = 3*u - 281, 4*u = 4*h + 9*u - q. List the prime factors of h.
2, 37
Let t be (560 + -18)*(-1)/(-2). Let n = 277 - t. List the prime factors of n.
2, 3
Suppose -17*g + 340 = -12*g. Let x = -62 + g. What are the prime factors of (12/(x/2))/2 + 119?
11
Suppose j + 2*z - 2 - 3 = 0, 0 = 3*j - 5*z + 18. Let s be -4 - ((-44)/4 + j). List the prime factors of (s/(-16))/((-1)/44).
2, 11
Suppose 5*l + 15753 = i, -315*i - 2*l = -313*i - 31530. List the prime factors of i.
11, 1433
What are the prime factors of (122/4*447/(-6))/(2/(-8))?
61, 149
Suppose -a = 119*m - 116*m - 4, -2*a + 3*m - 1 = 0. What are the prime factors of (-1050 - a)/(14 - 15)?
1051
List the prime factors of (-702)/65 - -12 - ((-57694)/5 + 1).
11, 1049
What are the prime factors of 94/(-235) + 6/(120/662708)?
3, 5, 47
Let o(b) = -54*b**3 - 2*b + 4*b**2 + 0*b**2 + 58*b**3 - 5. List the prime factors of o(4).
307
Suppose 0 = -3*u + g + 35158, -310*u - g + 46875 = -306*u. List the prime factors of u.
11719
Suppose 38760 = 354*r - 349*r. Suppose 7*b + 10*b - r = 0. List the prime factors of b.
2, 3, 19
Let g = 120 + -118. Suppose 342 = g*j - 550. List the prime factors of (44/(-8))/(-11)*j.
223
Let d(h) = -9 + 8*h - 39 - 21. List the prime factors of d(34).
7, 29
Let l = -81 - -78. Let q be (-616)/36*l + 1/(-3). Let k = 136 + q. List the prime factors of k.
11, 17
Let j(z) = 2*z**3 - 7*z**2 + 5*z - z**2 - 7 - 6 + 7. Let u be j(6). What are the prime factors of u + 120/45*6/(-4)?
2, 41
Let p = 791 - 283. Let z = 259 - p. Let k = -27 - z. List the prime factors of k.
2, 3, 37
Let y be (-6204)/(-60) + 9/15. Let o = y + 391. What are the prime factors of o?
3, 5, 11
Suppose 251*d - 235*d - 52272 = 0. What are the prime factors of d?
3, 11
Suppose -2*c = -15*x + 19*x - 22, -26 = -2*x + 4*c. Suppose 34*i - 44034 = -x*i. List the prime factors of i.
2, 3, 179
Let q be 638/348 + ((-10)/12 - -1). Suppose -9*a - q*a + 3564 = 0. List the prime factors of a.
2, 3
Let m = 388 - 389. List the prime factors of (-18621)/(-18) + ((-3)/6 - m).
3, 5, 23
Let u(s) = -27651*s + s**3 + 157 + 27651*s. Suppose c + 5*n = -20, -4*c - n - 4 = c. What are the prime factors of u(c)?
157
Suppose 25*d - 2569 = 18*d. Suppose -d*u = -362*u - 7670. What are the prime factors of u?
2, 13, 59
Let g be (880/320)/((-2)/784). Let k = g - -2498. What are the prime factors of k?
2, 5, 71
Let r = -5 - -9. Suppose -r*m + 2044 = 3*m. Suppose 28 = 5*o - m. List the prime factors of o.
2
Let v(h) = -h**3 - 79*h**2 - 32*h - 723. List the prime factors of v(-81).
3, 19, 263
Suppose -2*f + 9833 = 2*f - 3*w, -4*w = 2*f - 4944. Let a = f + -1311. What are the prime factors of a?
1151
Let k(p) = p**3 - p**2 - 7*p + 1. Let r be k(3). Let j be (-5 - r)*1*-13. Let i = j + -6. List the prime factors of i.
3, 11
Suppose -4*p + 1434 = r + r, -369 = -p + 3*r. Suppose 0 = 6*a - 1020 - p. What are the prime factors of a?
2, 5, 23
Suppose -h - b + 9163 = 2*b, 9142 = h - 4*b. Suppose -7*d = 16*d - h. List the prime factors of d.
2, 199
Let q(x) = 63*x + 51. Let m(w) = w - 3. Let d(f) = 2*m(f) + q(f). List the prime factors of d(9).
2, 3, 5, 7
Suppose 29*g = -g + 47040. Let q = g + -1014. List the prime factors of q.
2, 277
Suppose 15*z - 1 = 16*z. What are the prime factors of -44*z/(1*(0 + 1))?
2, 11
Suppose 11 = 4*n + 27, -2*v = 5*n + 296. Let m be v/33 + 2/11. List the prime factors of (m 